e highest common factor of 876 and 354.
6
Calculate the highest common divisor of 11700 and 16640.
260
Calculate the highest common divisor of 121 and 29403.
121
Calculate the greatest common divisor of 17974 and 1102.
38
What is the greatest common divisor of 150 and 648800?
50
What is the greatest common factor of 234170 and 20?
10
What is the highest common factor of 285 and 51965?
95
What is the highest common divisor of 89 and 725083?
89
What is the highest common factor of 74328 and 324?
12
What is the greatest common divisor of 592 and 2008?
8
What is the highest common factor of 527 and 1371611?
17
What is the highest common factor of 4623 and 253?
23
Calculate the highest common factor of 16401798 and 63.
63
What is the greatest common divisor of 880 and 1660720?
80
Calculate the greatest common factor of 14042 and 2261.
119
What is the greatest common divisor of 187 and 77?
11
What is the greatest common divisor of 1393575 and 17?
17
Calculate the greatest common divisor of 656 and 205369.
41
Calculate the highest common divisor of 76 and 13832.
76
What is the highest common divisor of 3882 and 459?
3
What is the highest common divisor of 22873 and 6682?
257
What is the greatest common factor of 80266 and 268?
134
What is the greatest common divisor of 291 and 48403?
97
Calculate the highest common factor of 4 and 300780.
4
What is the greatest common factor of 277124 and 928?
116
What is the greatest common divisor of 23090 and 160?
10
What is the greatest common divisor of 512958 and 6206?
214
What is the highest common divisor of 2 and 1347278?
2
Calculate the highest common divisor of 760 and 31445.
95
What is the highest common divisor of 885 and 8700?
15
What is the highest common divisor of 56 and 12656?
56
What is the highest common factor of 2669370 and 495?
165
What is the highest common factor of 1126287 and 18?
9
Calculate the greatest common divisor of 1498 and 3920.
14
Calculate the greatest common factor of 45216 and 193581.
1413
What is the greatest common divisor of 526690 and 930?
310
Calculate the greatest common divisor of 1435 and 28.
7
Calculate the greatest common divisor of 234 and 150.
6
What is the greatest common divisor of 240890 and 1326?
442
What is the highest common factor of 113486 and 9193?
317
What is the highest common divisor of 123 and 472156?
41
Calculate the highest common divisor of 2632 and 56328.
8
Calculate the greatest common divisor of 18150 and 450.
150
What is the greatest common divisor of 871 and 1814293?
871
What is the greatest common factor of 27886 and 54166?
146
Calculate the greatest common factor of 82348 and 53788.
476
What is the highest common factor of 2789632 and 256?
256
What is the greatest common factor of 1556080 and 160?
80
What is the highest common divisor of 816 and 699040?
272
What is the greatest common divisor of 134680 and 50?
10
What is the greatest common factor of 493 and 171477?
29
What is the greatest common divisor of 760 and 8728?
8
Calculate the highest common divisor of 104931 and 6942.
267
What is the highest common divisor of 861 and 23709?
21
What is the highest common divisor of 2766 and 786466?
922
Calculate the highest common factor of 348 and 248.
4
What is the greatest common divisor of 2773 and 118?
59
Calculate the highest common divisor of 190 and 2029675.
95
Calculate the highest common divisor of 357 and 250359.
51
Calculate the highest common divisor of 338 and 3037606.
338
Calculate the highest common factor of 11368 and 2009.
49
What is the highest common divisor of 1133 and 396?
11
Calculate the highest common divisor of 2695 and 1295.
35
Calculate the greatest common divisor of 728 and 350.
14
What is the highest common factor of 1580 and 32360?
20
What is the greatest common factor of 2401 and 8281?
49
What is the highest common divisor of 1650 and 300?
150
Calculate the greatest common factor of 12384 and 172.
172
What is the greatest common divisor of 34 and 629?
17
Calculate the greatest common divisor of 22260 and 517280.
1060
Calculate the highest common factor of 216 and 63880.
8
Calculate the greatest common divisor of 221710 and 10.
10
What is the highest common factor of 180369 and 882?
441
Calculate the greatest common factor of 6283 and 25376.
61
What is the highest common factor of 17205 and 204600?
465
What is the greatest common divisor of 16 and 165992?
8
What is the greatest common divisor of 201 and 118456?
67
What is the highest common factor of 5400 and 1399680?
1080
Calculate the highest common divisor of 75840 and 40.
40
Calculate the highest common divisor of 9223 and 70576.
401
Calculate the greatest common factor of 148519 and 98.
49
What is the greatest common divisor of 1025 and 512910?
205
What is the greatest common divisor of 148 and 172?
4
What is the highest common divisor of 58 and 787466?
58
What is the greatest common divisor of 377019 and 1799?
257
Calculate the greatest common factor of 5072 and 297029.
317
What is the greatest common divisor of 21870 and 150?
30
Calculate the greatest common divisor of 46296 and 648.
72
What is the greatest common factor of 30 and 165255?
15
What is the highest common divisor of 22939 and 14?
7
What is the greatest common divisor of 35372 and 48039?
239
Calculate the greatest common factor of 64 and 9376.
32
What is the highest common factor of 5140 and 2?
2
Calculate the highest common factor of 794 and 1726553.
397
Calculate the greatest common factor of 300 and 7950.
150
What is the greatest common divisor of 8159 and 205?
41
Calculate the greatest common factor of 79606 and 636.
106
Calculate the highest common factor of 135 and 177687.
27
Calculate the highest common factor of 1900 and 147725.
475
Calculate the greatest common divisor of 24675 and 54075.
525
What is the greatest common divisor of 386 and 93026?
386
What is the greatest common factor of 24 and 156504?
24
Calculate the highest common factor of 37788 and 4958.
134
Calculate the greatest common factor of 195 and 38337.
39
What is the greatest common factor of 92 and 251206?
46
What is the highest common divisor of 391216 and 1078?
98
Calculate the highest common divisor of 96180 and 11340.
420
What is the highest common divisor of 3696 and 308880?
528
Calculate the greatest common factor of 1791 and 21.
3
Calculate the highest common factor of 40474 and 177.
59
Calculate the greatest common divisor of 97 and 3549133.
97
What is the greatest common factor of 256218 and 12?
6
Calculate the highest common factor of 26719 and 154.
77
Calculate the highest common factor of 3350188 and 4308.
1436
What is the greatest common factor of 19476 and 36?
36
Calculate the highest common divisor of 107702 and 628.
314
Calculate the highest common divisor of 484100 and 200.
100
Calculate the greatest common divisor of 102 and 325074.
102
What is the highest common factor of 120 and 13605?
15
What is the greatest common divisor of 348 and 80736?
348
What is the highest common divisor of 1017987 and 174?
87
Calculate the highest common factor of 193 and 829321.
193
What is the greatest common factor of 49773 and 4942?
353
Calculate the highest common factor of 117149 and 961.
31
Calculate the greatest common divisor of 453825 and 225.
225
Calculate the greatest common divisor of 17741353 and 17.
17
Calculate the highest common divisor of 3942 and 4380.
438
Calculate the highest common divisor of 129 and 2478563.
43
Calculate the highest common factor of 1188 and 180252.
108
What is the highest common divisor of 217417 and 38?
19
What is the highest common factor of 34 and 1686298?
34
What is the highest common factor of 8640 and 8920?
40
Calculate the greatest common divisor of 608 and 504792.
152
What is the highest common divisor of 58004 and 68?
68
What is the highest common factor of 34194 and 12?
6
Calculate the highest common factor of 1150656 and 64.
64
What is the highest common divisor of 29965 and 650?
65
Calculate the greatest common divisor of 642741 and 33.
33
What is the greatest common divisor of 153 and 41565?
51
Calculate the highest common divisor of 21 and 37359.
21
What is the highest common factor of 450 and 41100?
150
What is the greatest common factor of 1172 and 884567?
293
What is the